{"id":13200,"date":"2017-10-03T00:07:17","date_gmt":"2017-10-02T22:07:17","guid":{"rendered":"http:\/\/edelhoff-pressen.eu\/tool\/produkt\/import-placeholder-for-13340\/"},"modified":"2020-03-11T23:27:15","modified_gmt":"2020-03-11T22:27:15","slug":"modellreihe-darr1100-to","status":"publish","type":"product","link":"https:\/\/edelhoff-pressen.eu\/tool\/produkt\/modellreihe-darr1100-to\/","title":{"rendered":"MODELLREIHE DARR\/1\/100 TO"},"content":{"rendered":"","protected":false},"excerpt":{"rendered":"<p>Maschinen Nr: 9471<br \/>\n&#8211; Baujahr: 2000,<br \/>\n&#8211; Pre\u00dfkraft: 1000 KN<br \/>\n&#8211; Motorst\u00e4rke: 20 KW<br \/>\n&#8211; St\u00e4nderweite: 830 mm<br \/>\n&#8211; Entfernung Tisch-St\u00f6\u00dfel: 385 mm<br \/>\n&#8211; Hubverstellung: 20 &#8211; 80 mm<br \/>\n&#8211; St\u00f6\u00dfelverstellung: 100 mm<br \/>\n&#8211; St\u00f6\u00dfelh\u00fcbe: 20 &#8211; 150 p. Min.<br \/>\n&#8211; Elekt. Anlage: 400 Volt<br \/>\n&#8211; St\u00f6\u00dfelausf\u00fchrung: Rollenf\u00fchrung<\/p>\n<p>Maschine komplett \u00fcberholt mit UVV und Garantie.<\/p>\n","protected":false},"featured_media":13230,"template":"","meta":[],"product_brand":[],"product_cat":[51,56],"product_tag":[45,53],"class_list":{"0":"post-13200","1":"product","2":"type-product","3":"status-publish","4":"has-post-thumbnail","6":"product_cat-gebraucht-maschienen","7":"product_cat-zweistaender","8":"product_tag-100-to","9":"product_tag-exzenterpresse","11":"first","12":"instock","13":"sold-individually","14":"shipping-taxable","15":"product-type-simple"},"_links":{"self":[{"href":"https:\/\/edelhoff-pressen.eu\/tool\/wp-json\/wp\/v2\/product\/13200","targetHints":{"allow":["GET"]}}],"collection":[{"href":"https:\/\/edelhoff-pressen.eu\/tool\/wp-json\/wp\/v2\/product"}],"about":[{"href":"https:\/\/edelhoff-pressen.eu\/tool\/wp-json\/wp\/v2\/types\/product"}],"wp:featuredmedia":[{"embeddable":true,"href":"https:\/\/edelhoff-pressen.eu\/tool\/wp-json\/wp\/v2\/media\/13230"}],"wp:attachment":[{"href":"https:\/\/edelhoff-pressen.eu\/tool\/wp-json\/wp\/v2\/media?parent=13200"}],"wp:term":[{"taxonomy":"product_brand","embeddable":true,"href":"https:\/\/edelhoff-pressen.eu\/tool\/wp-json\/wp\/v2\/product_brand?post=13200"},{"taxonomy":"product_cat","embeddable":true,"href":"https:\/\/edelhoff-pressen.eu\/tool\/wp-json\/wp\/v2\/product_cat?post=13200"},{"taxonomy":"product_tag","embeddable":true,"href":"https:\/\/edelhoff-pressen.eu\/tool\/wp-json\/wp\/v2\/product_tag?post=13200"}],"curies":[{"name":"wp","href":"https:\/\/api.w.org\/{rel}","templated":true}]}}

<p>Maschinen Nr: 9471<br />
&#8211; Baujahr: 2000,<br />
&#8211; Preßkraft: 1000 KN<br />
&#8211; Motorstärke: 20 KW<br />
&#8211; Ständerweite: 830 mm<br />
&#8211; Entfernung Tisch-Stößel: 385 mm<br />
&#8211; Hubverstellung: 20 &#8211; 80 mm<br />
&#8211; Stößelverstellung: 100 mm<br />
&#8211; Stößelhübe: 20 &#8211; 150 p. Min.<br />
&#8211; Elekt. Anlage: 400 Volt<br />
&#8211; Stößelausführung: Rollenführung</p>
<p>Maschine komplett überholt mit UVV und Garantie.</p>
