{"id":13197,"date":"2017-10-03T00:07:17","date_gmt":"2017-10-02T22:07:17","guid":{"rendered":"http:\/\/edelhoff-pressen.eu\/tool\/produkt\/import-placeholder-for-13323\/"},"modified":"2017-12-01T01:00:05","modified_gmt":"2017-12-01T00:00:05","slug":"modellreihe-azrh45","status":"publish","type":"product","link":"https:\/\/edelhoff-pressen.eu\/tool\/produkt\/modellreihe-azrh45\/","title":{"rendered":"MODELLREIHE AZR\/H45"},"content":{"rendered":"","protected":false},"excerpt":{"rendered":"<p>&#8218;- Maschinen Nr: 8625<br \/>\n&#8211; Baujahr: 1982<br \/>\n&#8211; Pre\u00dfkraft: 45 to<br \/>\n&#8211; Motorst\u00e4rke: 3 KW<br \/>\n&#8211; Tisch-Durchfall\u00f6ffnung: 200 x 150 mm<br \/>\n&#8211; St\u00e4nderweite: 220 mm<br \/>\n&#8211; Entfernung Tisch St\u00f6\u00dfel: 375 mm<br \/>\n&#8211; Hubverstellung: 10 &#8211; 90 mm<br \/>\n&#8211; St\u00f6\u00dfelverstellung: 55 mm<br \/>\n&#8211; St\u00f6\u00dfelh\u00fcbe: 75 p. Min.<br \/>\n&#8211; St\u00f6\u00dfelausf\u00fchrung: Bruchsicherung<br \/>\n&#8211; hydraulische Kupplung mit 2. Bremse<\/p>\n<p>Maschine komplett \u00fcberholt mit UVV und Garantie.<\/p>\n","protected":false},"featured_media":13518,"template":"","meta":[],"product_brand":[],"product_cat":[52,51],"product_tag":[54,55,53],"class_list":{"0":"post-13197","1":"product","2":"type-product","3":"status-publish","4":"has-post-thumbnail","6":"product_cat-einstaender","7":"product_cat-gebraucht-maschienen","8":"product_tag-45-to","9":"product_tag-einstaender","10":"product_tag-exzenterpresse","12":"first","13":"instock","14":"shipping-taxable","15":"product-type-simple"},"_links":{"self":[{"href":"https:\/\/edelhoff-pressen.eu\/tool\/wp-json\/wp\/v2\/product\/13197","targetHints":{"allow":["GET"]}}],"collection":[{"href":"https:\/\/edelhoff-pressen.eu\/tool\/wp-json\/wp\/v2\/product"}],"about":[{"href":"https:\/\/edelhoff-pressen.eu\/tool\/wp-json\/wp\/v2\/types\/product"}],"wp:featuredmedia":[{"embeddable":true,"href":"https:\/\/edelhoff-pressen.eu\/tool\/wp-json\/wp\/v2\/media\/13518"}],"wp:attachment":[{"href":"https:\/\/edelhoff-pressen.eu\/tool\/wp-json\/wp\/v2\/media?parent=13197"}],"wp:term":[{"taxonomy":"product_brand","embeddable":true,"href":"https:\/\/edelhoff-pressen.eu\/tool\/wp-json\/wp\/v2\/product_brand?post=13197"},{"taxonomy":"product_cat","embeddable":true,"href":"https:\/\/edelhoff-pressen.eu\/tool\/wp-json\/wp\/v2\/product_cat?post=13197"},{"taxonomy":"product_tag","embeddable":true,"href":"https:\/\/edelhoff-pressen.eu\/tool\/wp-json\/wp\/v2\/product_tag?post=13197"}],"curies":[{"name":"wp","href":"https:\/\/api.w.org\/{rel}","templated":true}]}}